*g - z + 238 - 211 = 0. Let k(o) = o**3 - 12*o**2 + 12*o - 12. Determine k(g).
-1
Let s(h) = -78*h**2 + 47*h**2 + 52*h + 33*h**2 - 1. What is s(-25)?
-51
Let o(t) = 2*t - 6. Let m be -4 + (-4 - 744)/(-1). Suppose -5*i = -17*i + m. Let z = 66 - i. Determine o(z).
2
Let v(w) = -2*w**2 + 76. Let d = 8121 - 8121. What is v(d)?
76
Let k(l) be the third derivative of -l**6/120 - 7*l**5/60 + 3*l**4/8 + 4*l**3/3 - 30*l**2. Let s be 202/(-25) + 12/150. Calculate k(s).
0
Let b(d) be the third derivative of 0*d - 1/15*d**5 + 1/120*d**6 + 2*d**2 + 2/3*d**3 - 8 - 1/12*d**4. Give b(3).
-11
Let d(x) = x**2 + x - 2. Suppose -4*q + 1 - 2 = -n, 5*q + n = 1. Suppose -2*f + 20 = -q*f + 5*j, 3*j - 12 = -2*f. Give d(f).
-2
Let c(u) be the third derivative of -u**4/6 - 46*u**3/3 + 2*u**2 - 308. Calculate c(-21).
-8
Let g(w) be the second derivative of -w**3/6 + w**2/2 - 2*w. Suppose k + 3*m = -4, -2*m - 3*m = 15. Suppose k*i - 2*b = 8, 12 = -5*i - b - 2*b. Determine g(i).
1
Let y(h) = h**2 - 21. Let p be (-96)/(-10) + (-5 - 54/(-10)). Suppose 3 = -g - 2*z, 2*g + 5*z - 1 + p = 0. Suppose -g*n = -2*n + 8*n. Give y(n).
-21
Let b(q) = -2*q - 21. Let k = 5763 - 5752. Give b(k).
-43
Let t = 7903 - 7911. Let p(g) be the third derivative of g**4/24 + 8*g**3/3 - 4*g**2. Calculate p(t).
8
Let a(p) = 2*p**2 + 5794526*p - 2897260*p - 2897269*p - 3. Suppose -2*g + 3 = -g. Calculate a(g).
6
Let q(f) = -3*f**3 - 2*f**2 + 9*f + 17. Let g(b) = -2*b**3 - b**2 + 6*b + 11. Let m = 189 + -181. Let t(d) = m*g(d) - 5*q(d). What is t(-2)?
13
Suppose -4*v - 3*z = -137, 0*v = v + 4*z - 44. Let s(q) = -37*q - 2*q**2 + 4*q**3 + 1 + 69*q - v*q. Give s(2).
25
Suppose -3*x + 3 = -57. Let j be -3 + (-3)/((-3)/x). Let o = -16 + j. Let v(z) = 8*z**3 + z**2 + z - 1. Give v(o).
9
Suppose 0 = 125*c - 85*c - 819 + 179. Let z(h) = h**3 - 15*h**2 - 19*h + 56. Determine z(c).
8
Let p(f) = -f**2 - f + 2. Suppose -19 = -2*b + 9. Suppose 10*j = 8*j + 6. Suppose -j*q + b = 4*q. Calculate p(q).
-4
Let y(x) = -x**3 - 5*x + 6. Let l(u) = 2*u + 41. Let v be l(-19). Determine y(v).
-36
Let y(l) = -3*l + 1. Let j(x) = x**3 - 40*x**2 + 82*x - 115. Let u be j(38). Suppose u = -7*n + 78. Calculate y(n).
16
Let p(q) = q**3 - 35*q**2 - q + 46. Let u be 7/4*(627 + -607). Give p(u).
11
Let x(u) = u**2 - 9*u - 8. Let m = 7740 + -7729. Give x(m).
14
Let c(d) = -7*d + 7. Let x = 4997 - 4992. Determine c(x).
-28
Suppose 16 = -4*x - 0*x + 3*s, 0 = 4*x + 5*s + 16. Let b be (-12)/9*(-6)/x. Let v(w) = -w + 172*w**2 + 179*w**2 - 348*w**2 - w. What is v(b)?
16
Let f(s) = 11*s + 3. Let p(l) = 9*l + 3. Let w(x) = 2*f(x) - 3*p(x). What is w(-4)?
17
Let t(f) = 20*f + 14. Let h(m) = 13*m + 8. Let c(a) = -5*h(a) + 3*t(a). What is c(-2)?
12
Let p(l) = -7*l + 148. Let k be -48*(3*-3 - 323/(-38)). Give p(k).
-20
Let p(l) = l**3 + 5*l**2 - 1. Let y be p(-5). Let w be -58*(7 + -3 + (-18)/4). Let c(x) = -26 - 10*x + 81 - 25 - w. Determine c(y).
11
Suppose 108 = 2*o + 7*o. Suppose -6*x + 6 = -o. Suppose 0 = x*b + 4*h - 9, 0*b + 4*b - 12 = 5*h. Let m(r) = -r**2 + r + 2. Calculate m(b).
-4
Let h(k) = 7*k**3 - 6*k**2 + 5*k + 1. Let d(q) = -15*q**3 + 13*q**2 - 11*q - 3. Let z(c) = 6*d(c) + 13*h(c). Let i = -12 - -12. Give z(i).
-5
Let v(p) = 15*p**2 + 13*p - 7. Let l(q) = -44*q**2 - 38*q + 20. Let m(d) = -4*l(d) - 11*v(d). Let u(y) = -2*y**2 - y + 1. Let b(j) = -m(j) - 5*u(j). Give b(-3).
1
Let h(n) = -n**3 - 6*n**2 - n + 5. Let z be (-3)/(-2) + (-954)/(-36) + -1. Suppose z*m - 1 + 109 = 0. What is h(m)?
-23
Let o(w) be the first derivative of -w**7/840 - w**6/90 - w**5/60 + w**4/24 + 24*w**3 - 56. Let t(f) be the third derivative of o(f). Give t(-3).
-2
Let v(o) = -o + 4. Let x be v(3). Let h(z) be the third derivative of 0 - 17/60*z**5 + 0*z**4 + 0*z - 410*z**2 + 0*z**3. Determine h(x).
-17
Let o(c) = 38*c - 9. Suppose -1507 = 18*h - 1561. Give o(h).
105
Let w be (12 + -13)/(13/(-156)). Let a(x) = -x**3 + 10*x**2 + 21*x + 21. Calculate a(w).
-15
Let b(u) = -17*u - 120. Let v be b(-6). Let g be ((-2 - -1)*(v + 23))/1. Let z(f) = -4*f - 22. Calculate z(g).
-2
Let n(q) = q + 8. Suppose 43*b - 39*b = 100. Suppose -16*k + 137 = b. Suppose 3*r - k*r + 2*y = 24, 5*r + 41 = -3*y. What is n(r)?
1
Let w = 981 - 978. Let l(z) = 6*z**2 + 4*z - z**2 + 7 - 2 + 4*z**w + 0*z**2 - 3*z**3. Calculate l(-5).
-15
Suppose -4*z + 5*d = 7 - 12, z - 20 = -5*d. Let u(a) = 11*a + 2 - 13*a + z + 1. What is u(4)?
0
Let z(t) = -5*t**2 - 20*t + 153. Let d(f) = -16*f**2 - 59*f + 470. Let g(u) = -4*d(u) + 13*z(u). Give g(-28).
-3
Let c(z) be the first derivative of 6*z**2 - 74*z - 182. Give c(7).
10
Let a(w) be the second derivative of -w**4/12 + 5*w**3/6 - 5*w**2/2 + 594*w. What is a(3)?
1
Let s be (24 - 32)/((-4)/2). Let h(j) = -434 + 218 + 221 - s*j. What is h(4)?
-11
Suppose -1833 = 42*f - 1455. Let t(z) = 23*z + 192. What is t(f)?
-15
Suppose 90 = -75*a - 60. Let k(b) = -4*b - 7. Calculate k(a).
1
Let b be (-13)/3 - 1 - 3/(-9). Let v(c) = 5*c + 26. Let n be v(b). Let l(x) = 41*x - n + 2 - 79*x + 37*x. Give l(3).
-2
Let w be ((-21)/4)/(32/(-128)). Suppose -98*k = -105*k - w. Let c(h) be the third derivative of h**6/120 + h**5/12 + h**4/24 - h**3/3 - 2*h**2. What is c(k)?
13
Suppose 41*j - 45*j = -x + 12, -j = 4*x + 20. Let w(c) = -3 - 6*c + 2*c - 2*c**2 - c. Give w(j).
-15
Let q(v) be the second derivative of -1/3*v**3 - 1/6*v**4 - 1 - 52*v - 1/20*v**5 - 1/2*v**2. What is q(-2)?
3
Let a(y) = 3*y + 3. Suppose -4*x + 3*x = -11. Let t = x - 2. Suppose t + 11 = -5*g. Determine a(g).
-9
Let m(y) = y**3 - 5*y**2 - 4*y - 1. Let a(z) = -402*z + 803. Let l be a(2). Calculate m(l).
-3
Let z(y) = -2*y + 5 - 5 + 1806*y**2 - 1814*y**2. Let w = 4 + -6. Calculate z(w).
-28
Let g(c) = 18043*c + 28 - 18033*c - 72. Give g(6).
16
Suppose 26*y - 29*y = -3*u - 51, u + 2*y + 2 = 0. Let g(n) = 4*n + 6. Calculate g(u).
-42
Let b(p) be the third derivative of -5*p**4/24 - 20*p**3/3 - 9*p**2 + 2. What is b(-12)?
20
Let f(x) = -23*x + 59*x - 11 - 17 - 30*x + 27. What is f(-1)?
-7
Let u = -147 - -149. Suppose -25 = 2*z + a - 14, 2 = -u*a. Let o(i) = -i**3 - 4*i**2 + 7*i + 6. Calculate o(z).
-4
Let l(m) = -23*m**3 + 8*m**2 + 6*m - 12. Let r(i) = 26*i**3 - 9*i**2 - 7*i + 13. Let w(p) = 9*l(p) + 8*r(p). Suppose 13 + 5 = -9*s. What is w(s)?
-8
Suppose p = 3, -3*l + 2*p + 54 - 63 = 0. Suppose -a = 2*a + 6, -3*w + 28 = a. Let s(b) = w*b + 3*b - 4*b. What is s(l)?
-9
Suppose -55 = -p - 5*s - 17, 5*p = -3*s + 80. Let t(z) = -4*z + 23. Calculate t(p).
-29
Let s(u) be the first derivative of 5*u - 11 - 7/3*u**3 + 1/4*u**4 + 3/2*u**2. Let i(j) = 7*j - 22. Let n be i(4). What is s(n)?
-13
Let u(n) = -5 + 12*n**3 - 2*n + 2 - 28*n**3 - 34*n**3 - 31*n**2 + 2*n**2. Let s(f) = 23*f**3 + 14*f**2 + f + 1. Let p(g) = -13*s(g) - 6*u(g). Calculate p(8).
-3
Let y(s) = -13*s - 3 + s**2 + 0 + 5. Let v(r) = 777*r - 6980. Let t be v(9). Calculate y(t).
2
Suppose -12*f + 90 = 16*a - 10*f, -5*a = -4*f - 79. Let x(k) be the second derivative of k**5/20 - 7*k**4/12 + 2*k**2 - 2*k. Give x(a).
4
Let y(v) = 2*v**3 - 19*v**2 - 20*v + 106. Suppose 109*p - 105*p = 3*r - 30, -3*r = 2*p - 30. Calculate y(r).
6
Let s(v) be the second derivative of v**4/6 - v**3/3 - v**2/2 + 3*v. Let w be ((-42)/(-9))/(2/(-15)). Let p = w + 37. Determine s(p).
3
Let x(d) = -d**3 - 62*d**2 + 200*d - 8. Let l be x(3). Let r(h) = -h**3 + 12*h**2 - 29*h - 31. What is r(l)?
11
Let k(j) = 358*j**2 + 54*j - 346*j**2 + 13 + 40*j + 47*j. Determine k(-12).
49
Let d(s) be the first derivative of -s**2/2 - 13*s + 6. Let u = 118 + -124. Let g be d(u). Let c(w) = w + 3. Calculate c(g).
-4
Let r be 1/6 - ((-913)/66 - -3). Let z(q) be the third derivative of q**5/60 - 11*q**4/24 + 5*q**3/6 - 95*q**2. Determine z(r).
5
Let g(i) = -146 - 150 - 2*i - 137 + 424. Give g(0).
-9
Let r(j) = 235*j - 155*j - 2 - 78*j - 8*j**2 + 5. Give r(3).
-63
Let h(r) be the third derivative of r**8/1344 - r**7/2520 + 9*r**4/8 - r**3/3 + 50*r**2. Let o(b) be the second derivative of h(b). Determine o(-1).
-6
Let o(r) = r**3 + r**2. Suppose 7*q = 23*q + 48. Let b(n) = -4*n**3 - 20*n**2 + 18*n + 5. Let w(m) = q*o(m) - b(m). Calculate w(-18).
-5
Suppose 2*v - 265 = -243. Let o(t) be the first derivative of -t**2/2 + 11*t - 8. Give o(v).
0
Let l = 8 + -7. Let u(d) = 7*d + 7. Let s(c) = -c + 1. Let 